{"id":982,"date":"2025-01-08T18:48:53","date_gmt":"2025-01-08T21:48:53","guid":{"rendered":"https:\/\/amadizadvogados.com.br\/?page_id=982"},"modified":"2025-04-09T22:47:35","modified_gmt":"2025-04-10T01:47:35","slug":"contato","status":"publish","type":"page","link":"https:\/\/amadizadvogados.com.br\/?page_id=982","title":{"rendered":"Contato"},"content":{"rendered":"\t\t<div data-elementor-type=\"wp-page\" data-elementor-id=\"982\" class=\"elementor elementor-982\" data-elementor-post-type=\"page\">\n\t\t\t\t<div class=\"elementor-element elementor-element-5a46447 animated-slow e-flex e-con-boxed wpr-particle-no wpr-jarallax-no wpr-parallax-no wpr-sticky-section-no wpr-equal-height-no elementor-invisible e-con e-parent\" data-id=\"5a46447\" data-element_type=\"container\" data-e-type=\"container\" data-settings=\"{&quot;background_background&quot;:&quot;classic&quot;,&quot;animation&quot;:&quot;fadeIn&quot;}\">\n\t\t\t\t\t<div class=\"e-con-inner\">\n\t\t<div class=\"elementor-element elementor-element-6932616 e-con-full e-flex wpr-particle-no wpr-jarallax-no wpr-parallax-no wpr-sticky-section-no wpr-equal-height-no e-con e-child\" data-id=\"6932616\" data-element_type=\"container\" data-e-type=\"container\">\n\t\t\t\t<div class=\"elementor-element elementor-element-36012e0 elementor-widget elementor-widget-heading\" data-id=\"36012e0\" data-element_type=\"widget\" data-e-type=\"widget\" data-widget_type=\"heading.default\">\n\t\t\t\t<div class=\"elementor-widget-container\">\n\t\t\t\t\t<h2 class=\"elementor-heading-title elementor-size-default\">Contato<\/h2>\t\t\t\t<\/div>\n\t\t\t\t<\/div>\n\t\t\t\t<\/div>\n\t\t\t\t\t<\/div>\n\t\t\t\t<\/div>\n\t\t<div class=\"elementor-element elementor-element-85624de animated-slow e-flex e-con-boxed wpr-particle-no wpr-jarallax-no wpr-parallax-no wpr-sticky-section-no wpr-equal-height-no elementor-invisible e-con e-parent\" data-id=\"85624de\" data-element_type=\"container\" data-e-type=\"container\" data-settings=\"{&quot;background_background&quot;:&quot;classic&quot;,&quot;animation&quot;:&quot;fadeIn&quot;}\">\n\t\t\t\t\t<div class=\"e-con-inner\">\n\t\t<div class=\"elementor-element elementor-element-0b3b89f e-con-full e-flex wpr-particle-no wpr-jarallax-no wpr-parallax-no wpr-sticky-section-no wpr-equal-height-no e-con e-child\" data-id=\"0b3b89f\" data-element_type=\"container\" data-e-type=\"container\">\n\t\t\t\t<div class=\"elementor-element elementor-element-dd2a395 elementor-widget elementor-widget-text-editor\" data-id=\"dd2a395\" data-element_type=\"widget\" data-e-type=\"widget\" data-widget_type=\"text-editor.default\">\n\t\t\t\t<div class=\"elementor-widget-container\">\n\t\t\t\t\t\t\t\t\t<p><span style=\"text-align: var(--text-align);\">Estamos aqui para voc\u00ea! Nossa equipe est\u00e1 sempre \u00e0 disposi\u00e7\u00e3o para esclarecer d\u00favidas, ouvir suas sugest\u00f5es ou ajudar com o que for necess\u00e1rio. Preencha o formul\u00e1rio ou utilize os nossos canais de contato AMADIZ. Teremos o maior prazer em poder atender voc\u00ea!<\/span><span style=\"text-align: var(--text-align);\">\u00a0<\/span><\/p>\t\t\t\t\t\t\t\t<\/div>\n\t\t\t\t<\/div>\n\t\t\t\t<\/div>\n\t\t<div class=\"elementor-element elementor-element-754e71f e-con-full e-flex wpr-particle-no wpr-jarallax-no wpr-parallax-no wpr-sticky-section-no wpr-equal-height-no e-con e-child\" data-id=\"754e71f\" data-element_type=\"container\" data-e-type=\"container\">\n\t\t\t\t<div class=\"elementor-element elementor-element-35a4cf6 elementor-widget elementor-widget-wpforms\" data-id=\"35a4cf6\" data-element_type=\"widget\" data-e-type=\"widget\" data-widget_type=\"wpforms.default\">\n\t\t\t\t<div class=\"elementor-widget-container\">\n\t\t\t\t\t<style id=\"wpforms-css-vars-elementor-widget-35a4cf6\">\n\t\t\t\t.elementor-widget-wpforms.elementor-element-35a4cf6 {\n\t\t\t\t--wpforms-field-border-radius: 20px;\n--wpforms-field-border-color: #00000000;\n--wpforms-field-border-color-spare: #00000000;\n--wpforms-button-border-radius: 100px;\n--wpforms-button-background-color: #5F765C;\n\t\t\t}\n\t\t\t<\/style><div class=\"wpforms-container wpforms-container-full wpforms-render-modern\" id=\"wpforms-998\"><form id=\"wpforms-form-998\" class=\"wpforms-validate wpforms-form wpforms-ajax-form\" data-formid=\"998\" method=\"post\" enctype=\"multipart\/form-data\" action=\"\/index.php?rest_route=%2Fwp%2Fv2%2Fpages%2F982\" data-token=\"2ee34e1d6a1f4850b488e9449b06e98b\" data-token-time=\"1778156367\"><noscript class=\"wpforms-error-noscript\">Ative o JavaScript no seu navegador para preencher este formul\u00e1rio.<\/noscript><div id=\"wpforms-error-noscript\" style=\"display: none;\">Ative o JavaScript no seu navegador para preencher este formul\u00e1rio.<\/div><div class=\"wpforms-field-container\">\t\t<div id=\"wpforms-998-field_4-container\"\n\t\t\tclass=\"wpforms-field wpforms-field-text\"\n\t\t\tdata-field-type=\"text\"\n\t\t\tdata-field-id=\"4\"\n\t\t\t>\n\t\t\t<label class=\"wpforms-field-label\" for=\"wpforms-998-field_4\" >Nome E-mail Mensagem<\/label>\n\t\t\t<input type=\"text\" id=\"wpforms-998-field_4\" class=\"wpforms-field-medium\" name=\"wpforms[fields][4]\" >\n\t\t<\/div>\n\t\t<div id=\"wpforms-998-field_1-container\" class=\"wpforms-field wpforms-field-name\" data-field-id=\"1\"><label class=\"wpforms-field-label wpforms-label-hide\" for=\"wpforms-998-field_1\" aria-hidden=\"false\">Nome <span class=\"wpforms-required-label\" aria-hidden=\"true\">*<\/span><\/label><input type=\"text\" id=\"wpforms-998-field_1\" class=\"wpforms-field-large wpforms-field-required\" name=\"wpforms[fields][1]\" placeholder=\"Nome\" aria-errormessage=\"wpforms-998-field_1-error\" required><\/div><div id=\"wpforms-998-field_2-container\" class=\"wpforms-field wpforms-field-email\" data-field-id=\"2\"><label class=\"wpforms-field-label wpforms-label-hide\" for=\"wpforms-998-field_2\" aria-hidden=\"false\">E-mail <span class=\"wpforms-required-label\" aria-hidden=\"true\">*<\/span><\/label><input type=\"email\" id=\"wpforms-998-field_2\" class=\"wpforms-field-large wpforms-field-required\" name=\"wpforms[fields][2]\" placeholder=\"E-mail\" spellcheck=\"false\" aria-errormessage=\"wpforms-998-field_2-error\" required><\/div><div id=\"wpforms-998-field_3-container\" class=\"wpforms-field wpforms-field-textarea\" data-field-id=\"3\"><label class=\"wpforms-field-label wpforms-label-hide\" for=\"wpforms-998-field_3\" aria-hidden=\"false\">Mensagem<\/label><textarea id=\"wpforms-998-field_3\" class=\"wpforms-field-medium\" name=\"wpforms[fields][3]\" placeholder=\"Mensagem\" aria-errormessage=\"wpforms-998-field_3-error\" ><\/textarea><\/div><script>\n\t\t\t\t( function() {\n\t\t\t\t\tconst style = document.createElement( 'style' );\n\t\t\t\t\tstyle.appendChild( document.createTextNode( '#wpforms-998-field_4-container { position: absolute !important; overflow: hidden !important; display: inline !important; height: 1px !important; width: 1px !important; z-index: -1000 !important; padding: 0 !important; } #wpforms-998-field_4-container input { visibility: hidden; } #wpforms-conversational-form-page #wpforms-998-field_4-container label { counter-increment: none; }' ) );\n\t\t\t\t\tdocument.head.appendChild( style );\n\t\t\t\t\tdocument.currentScript?.remove();\n\t\t\t\t} )();\n\t\t\t<\/script><\/div><!-- .wpforms-field-container --><div class=\"wpforms-submit-container\" ><input type=\"hidden\" name=\"wpforms[id]\" value=\"998\"><input type=\"hidden\" name=\"page_title\" value=\"\"><input type=\"hidden\" name=\"page_url\" value=\"https:\/\/amadizadvogados.com.br\/index.php?rest_route=\/wp\/v2\/pages\/982\"><input type=\"hidden\" name=\"url_referer\" value=\"\"><button type=\"submit\" name=\"wpforms[submit]\" id=\"wpforms-submit-998\" class=\"wpforms-submit\" data-alt-text=\"Sending...\" data-submit-text=\"Enviar\" aria-live=\"assertive\" value=\"wpforms-submit\">Enviar<\/button><img decoding=\"async\" src=\"https:\/\/amadizadvogados.com.br\/wp-content\/plugins\/wpforms-lite\/assets\/images\/submit-spin.svg\" class=\"wpforms-submit-spinner\" style=\"display: none;\" width=\"26\" height=\"26\" alt=\"Carregando\"><\/div><\/form><\/div>  <!-- .wpforms-container -->\t\t\t\t<\/div>\n\t\t\t\t<\/div>\n\t\t\t\t<\/div>\n\t\t\t\t\t<\/div>\n\t\t\t\t<\/div>\n\t\t<div class=\"elementor-element elementor-element-ffa9107 e-flex e-con-boxed wpr-particle-no wpr-jarallax-no wpr-parallax-no wpr-sticky-section-no wpr-equal-height-no e-con e-parent\" data-id=\"ffa9107\" data-element_type=\"container\" data-e-type=\"container\">\n\t\t\t\t\t<div class=\"e-con-inner\">\n\t\t\t\t<div class=\"elementor-element elementor-element-db818f1 elementor-widget elementor-widget-image\" data-id=\"db818f1\" data-element_type=\"widget\" data-e-type=\"widget\" data-widget_type=\"image.default\">\n\t\t\t\t<div class=\"elementor-widget-container\">\n\t\t\t\t\t\t\t\t\t\t\t\t\t\t\t\t<a href=\"https:\/\/www.google.com\/maps\/place\/Av.+Bento+Sim%C3%A3o,+264+-+S%C3%A3o+Bento,+Belo+Horizonte+-+MG,+30350-750\/@-19.956505,-43.9517154,17z\/data=!3m1!4b1!4m6!3m5!1s0xa6978e45e2533d:0x140927d4f9116e1b!8m2!3d-19.956505!4d-43.9517154!16s%2Fg%2F11fz9ypvjt?entry=ttu&#038;g_ep=EgoyMDI1MDEwMS4wIKXMDSoJLDEwMjExMjM0SAFQAw%3D%3D\" target=\"_blank\">\n\t\t\t\t\t\t\t<img fetchpriority=\"high\" decoding=\"async\" width=\"1920\" height=\"600\" src=\"https:\/\/amadizadvogados.com.br\/wp-content\/uploads\/2024\/12\/amadiz_maps_advodados_advocacia_direito_civil_empresarial_trabalhista_tributario_societario_penal_juridico_oab_familias.jpg\" class=\"attachment-full size-full wp-image-60\" alt=\"\" srcset=\"https:\/\/amadizadvogados.com.br\/wp-content\/uploads\/2024\/12\/amadiz_maps_advodados_advocacia_direito_civil_empresarial_trabalhista_tributario_societario_penal_juridico_oab_familias.jpg 1920w, https:\/\/amadizadvogados.com.br\/wp-content\/uploads\/2024\/12\/amadiz_maps_advodados_advocacia_direito_civil_empresarial_trabalhista_tributario_societario_penal_juridico_oab_familias-300x94.jpg 300w, https:\/\/amadizadvogados.com.br\/wp-content\/uploads\/2024\/12\/amadiz_maps_advodados_advocacia_direito_civil_empresarial_trabalhista_tributario_societario_penal_juridico_oab_familias-1024x320.jpg 1024w, https:\/\/amadizadvogados.com.br\/wp-content\/uploads\/2024\/12\/amadiz_maps_advodados_advocacia_direito_civil_empresarial_trabalhista_tributario_societario_penal_juridico_oab_familias-768x240.jpg 768w, https:\/\/amadizadvogados.com.br\/wp-content\/uploads\/2024\/12\/amadiz_maps_advodados_advocacia_direito_civil_empresarial_trabalhista_tributario_societario_penal_juridico_oab_familias-1536x480.jpg 1536w\" sizes=\"(max-width: 1920px) 100vw, 1920px\" \/>\t\t\t\t\t\t\t\t<\/a>\n\t\t\t\t\t\t\t\t\t\t\t\t\t\t\t<\/div>\n\t\t\t\t<\/div>\n\t\t\t\t\t<\/div>\n\t\t\t\t<\/div>\n\t\t\t\t<\/div>\n\t\t","protected":false},"excerpt":{"rendered":"<p>Contato Estamos aqui para voc\u00ea! Nossa equipe est\u00e1 sempre \u00e0 disposi\u00e7\u00e3o para esclarecer d\u00favidas, ouvir suas sugest\u00f5es ou ajudar com o que for necess\u00e1rio. Preencha o formul\u00e1rio ou utilize os nossos canais de contato AMADIZ. Teremos o maior prazer em poder atender voc\u00ea!\u00a0 Please enable JavaScript in your browser to complete this form.Please enable JavaScript in your browser to complete this form.Nome *E-mail *Mensagem Enviar<\/p>\n","protected":false},"author":1,"featured_media":27,"parent":0,"menu_order":0,"comment_status":"closed","ping_status":"closed","template":"elementor_header_footer","meta":{"footnotes":""},"class_list":["post-982","page","type-page","status-publish","has-post-thumbnail","hentry"],"yoast_head":"<!-- This site is optimized with the Yoast SEO plugin v27.5 - https:\/\/yoast.com\/product\/yoast-seo-wordpress\/ -->\n<title>Contato - Amadiz Advogados<\/title>\n<meta name=\"description\" content=\"No AMADIZ Advogados, cada desafio empresarial \u00e9 uma oportunidade para construir o crescimento sustent\u00e1vel dos nossos clientes.\" \/>\n<meta name=\"robots\" content=\"index, follow, max-snippet:-1, max-image-preview:large, max-video-preview:-1\" \/>\n<link rel=\"canonical\" href=\"https:\/\/amadizadvogados.com.br\/?page_id=982\" \/>\n<meta property=\"og:locale\" content=\"pt_BR\" \/>\n<meta property=\"og:type\" content=\"article\" \/>\n<meta property=\"og:title\" content=\"Contato - Amadiz Advogados\" \/>\n<meta property=\"og:description\" content=\"No AMADIZ Advogados, cada desafio empresarial \u00e9 uma oportunidade para construir o crescimento sustent\u00e1vel dos nossos clientes.\" \/>\n<meta property=\"og:url\" content=\"https:\/\/amadizadvogados.com.br\/?page_id=982\" \/>\n<meta property=\"og:site_name\" content=\"Amadiz Advogados\" \/>\n<meta property=\"article:modified_time\" content=\"2025-04-10T01:47:35+00:00\" \/>\n<meta property=\"og:image\" content=\"http:\/\/amadizadvogados.com.br\/wp-content\/uploads\/2024\/12\/Site-Amadiz.jpg\" \/>\n\t<meta property=\"og:image:width\" content=\"1920\" \/>\n\t<meta property=\"og:image:height\" content=\"1080\" \/>\n\t<meta property=\"og:image:type\" content=\"image\/jpeg\" \/>\n<meta name=\"twitter:card\" content=\"summary_large_image\" \/>\n<meta name=\"twitter:label1\" content=\"Est. tempo de leitura\" \/>\n\t<meta name=\"twitter:data1\" content=\"1 minuto\" \/>\n<script type=\"application\/ld+json\" class=\"yoast-schema-graph\">{\"@context\":\"https:\\\/\\\/schema.org\",\"@graph\":[{\"@type\":\"WebPage\",\"@id\":\"https:\\\/\\\/amadizadvogados.com.br\\\/?page_id=982\",\"url\":\"https:\\\/\\\/amadizadvogados.com.br\\\/?page_id=982\",\"name\":\"Contato - Amadiz Advogados\",\"isPartOf\":{\"@id\":\"https:\\\/\\\/amadizadvogados.com.br\\\/#website\"},\"primaryImageOfPage\":{\"@id\":\"https:\\\/\\\/amadizadvogados.com.br\\\/?page_id=982#primaryimage\"},\"image\":{\"@id\":\"https:\\\/\\\/amadizadvogados.com.br\\\/?page_id=982#primaryimage\"},\"thumbnailUrl\":\"https:\\\/\\\/amadizadvogados.com.br\\\/wp-content\\\/uploads\\\/2024\\\/12\\\/Site-Amadiz.jpg\",\"datePublished\":\"2025-01-08T21:48:53+00:00\",\"dateModified\":\"2025-04-10T01:47:35+00:00\",\"description\":\"No AMADIZ Advogados, cada desafio empresarial \u00e9 uma oportunidade para construir o crescimento sustent\u00e1vel dos nossos clientes.\",\"breadcrumb\":{\"@id\":\"https:\\\/\\\/amadizadvogados.com.br\\\/?page_id=982#breadcrumb\"},\"inLanguage\":\"pt-BR\",\"potentialAction\":[{\"@type\":\"ReadAction\",\"target\":[\"https:\\\/\\\/amadizadvogados.com.br\\\/?page_id=982\"]}]},{\"@type\":\"ImageObject\",\"inLanguage\":\"pt-BR\",\"@id\":\"https:\\\/\\\/amadizadvogados.com.br\\\/?page_id=982#primaryimage\",\"url\":\"https:\\\/\\\/amadizadvogados.com.br\\\/wp-content\\\/uploads\\\/2024\\\/12\\\/Site-Amadiz.jpg\",\"contentUrl\":\"https:\\\/\\\/amadizadvogados.com.br\\\/wp-content\\\/uploads\\\/2024\\\/12\\\/Site-Amadiz.jpg\",\"width\":1920,\"height\":1080},{\"@type\":\"BreadcrumbList\",\"@id\":\"https:\\\/\\\/amadizadvogados.com.br\\\/?page_id=982#breadcrumb\",\"itemListElement\":[{\"@type\":\"ListItem\",\"position\":1,\"name\":\"Home\",\"item\":\"https:\\\/\\\/amadizadvogados.com.br\\\/\"},{\"@type\":\"ListItem\",\"position\":2,\"name\":\"Contato\"}]},{\"@type\":\"WebSite\",\"@id\":\"https:\\\/\\\/amadizadvogados.com.br\\\/#website\",\"url\":\"https:\\\/\\\/amadizadvogados.com.br\\\/\",\"name\":\"Amadiz Advogados\",\"description\":\"\",\"publisher\":{\"@id\":\"https:\\\/\\\/amadizadvogados.com.br\\\/#organization\"},\"potentialAction\":[{\"@type\":\"SearchAction\",\"target\":{\"@type\":\"EntryPoint\",\"urlTemplate\":\"https:\\\/\\\/amadizadvogados.com.br\\\/?s={search_term_string}\"},\"query-input\":{\"@type\":\"PropertyValueSpecification\",\"valueRequired\":true,\"valueName\":\"search_term_string\"}}],\"inLanguage\":\"pt-BR\"},{\"@type\":\"Organization\",\"@id\":\"https:\\\/\\\/amadizadvogados.com.br\\\/#organization\",\"name\":\"Amadiz Advogados\",\"url\":\"https:\\\/\\\/amadizadvogados.com.br\\\/\",\"logo\":{\"@type\":\"ImageObject\",\"inLanguage\":\"pt-BR\",\"@id\":\"https:\\\/\\\/amadizadvogados.com.br\\\/#\\\/schema\\\/logo\\\/image\\\/\",\"url\":\"http:\\\/\\\/amadizadvogados.com.br\\\/wp-content\\\/uploads\\\/2024\\\/12\\\/Site-Amadiz.jpg\",\"contentUrl\":\"http:\\\/\\\/amadizadvogados.com.br\\\/wp-content\\\/uploads\\\/2024\\\/12\\\/Site-Amadiz.jpg\",\"width\":1920,\"height\":1080,\"caption\":\"Amadiz Advogados\"},\"image\":{\"@id\":\"https:\\\/\\\/amadizadvogados.com.br\\\/#\\\/schema\\\/logo\\\/image\\\/\"}}]}<\/script>\n<!-- \/ Yoast SEO plugin. -->","yoast_head_json":{"title":"Contato - Amadiz Advogados","description":"No AMADIZ Advogados, cada desafio empresarial \u00e9 uma oportunidade para construir o crescimento sustent\u00e1vel dos nossos clientes.","robots":{"index":"index","follow":"follow","max-snippet":"max-snippet:-1","max-image-preview":"max-image-preview:large","max-video-preview":"max-video-preview:-1"},"canonical":"https:\/\/amadizadvogados.com.br\/?page_id=982","og_locale":"pt_BR","og_type":"article","og_title":"Contato - Amadiz Advogados","og_description":"No AMADIZ Advogados, cada desafio empresarial \u00e9 uma oportunidade para construir o crescimento sustent\u00e1vel dos nossos clientes.","og_url":"https:\/\/amadizadvogados.com.br\/?page_id=982","og_site_name":"Amadiz Advogados","article_modified_time":"2025-04-10T01:47:35+00:00","og_image":[{"width":1920,"height":1080,"url":"http:\/\/amadizadvogados.com.br\/wp-content\/uploads\/2024\/12\/Site-Amadiz.jpg","type":"image\/jpeg"}],"twitter_card":"summary_large_image","twitter_misc":{"Est. tempo de leitura":"1 minuto"},"schema":{"@context":"https:\/\/schema.org","@graph":[{"@type":"WebPage","@id":"https:\/\/amadizadvogados.com.br\/?page_id=982","url":"https:\/\/amadizadvogados.com.br\/?page_id=982","name":"Contato - Amadiz Advogados","isPartOf":{"@id":"https:\/\/amadizadvogados.com.br\/#website"},"primaryImageOfPage":{"@id":"https:\/\/amadizadvogados.com.br\/?page_id=982#primaryimage"},"image":{"@id":"https:\/\/amadizadvogados.com.br\/?page_id=982#primaryimage"},"thumbnailUrl":"https:\/\/amadizadvogados.com.br\/wp-content\/uploads\/2024\/12\/Site-Amadiz.jpg","datePublished":"2025-01-08T21:48:53+00:00","dateModified":"2025-04-10T01:47:35+00:00","description":"No AMADIZ Advogados, cada desafio empresarial \u00e9 uma oportunidade para construir o crescimento sustent\u00e1vel dos nossos clientes.","breadcrumb":{"@id":"https:\/\/amadizadvogados.com.br\/?page_id=982#breadcrumb"},"inLanguage":"pt-BR","potentialAction":[{"@type":"ReadAction","target":["https:\/\/amadizadvogados.com.br\/?page_id=982"]}]},{"@type":"ImageObject","inLanguage":"pt-BR","@id":"https:\/\/amadizadvogados.com.br\/?page_id=982#primaryimage","url":"https:\/\/amadizadvogados.com.br\/wp-content\/uploads\/2024\/12\/Site-Amadiz.jpg","contentUrl":"https:\/\/amadizadvogados.com.br\/wp-content\/uploads\/2024\/12\/Site-Amadiz.jpg","width":1920,"height":1080},{"@type":"BreadcrumbList","@id":"https:\/\/amadizadvogados.com.br\/?page_id=982#breadcrumb","itemListElement":[{"@type":"ListItem","position":1,"name":"Home","item":"https:\/\/amadizadvogados.com.br\/"},{"@type":"ListItem","position":2,"name":"Contato"}]},{"@type":"WebSite","@id":"https:\/\/amadizadvogados.com.br\/#website","url":"https:\/\/amadizadvogados.com.br\/","name":"Amadiz Advogados","description":"","publisher":{"@id":"https:\/\/amadizadvogados.com.br\/#organization"},"potentialAction":[{"@type":"SearchAction","target":{"@type":"EntryPoint","urlTemplate":"https:\/\/amadizadvogados.com.br\/?s={search_term_string}"},"query-input":{"@type":"PropertyValueSpecification","valueRequired":true,"valueName":"search_term_string"}}],"inLanguage":"pt-BR"},{"@type":"Organization","@id":"https:\/\/amadizadvogados.com.br\/#organization","name":"Amadiz Advogados","url":"https:\/\/amadizadvogados.com.br\/","logo":{"@type":"ImageObject","inLanguage":"pt-BR","@id":"https:\/\/amadizadvogados.com.br\/#\/schema\/logo\/image\/","url":"http:\/\/amadizadvogados.com.br\/wp-content\/uploads\/2024\/12\/Site-Amadiz.jpg","contentUrl":"http:\/\/amadizadvogados.com.br\/wp-content\/uploads\/2024\/12\/Site-Amadiz.jpg","width":1920,"height":1080,"caption":"Amadiz Advogados"},"image":{"@id":"https:\/\/amadizadvogados.com.br\/#\/schema\/logo\/image\/"}}]}},"_links":{"self":[{"href":"https:\/\/amadizadvogados.com.br\/index.php?rest_route=\/wp\/v2\/pages\/982","targetHints":{"allow":["GET"]}}],"collection":[{"href":"https:\/\/amadizadvogados.com.br\/index.php?rest_route=\/wp\/v2\/pages"}],"about":[{"href":"https:\/\/amadizadvogados.com.br\/index.php?rest_route=\/wp\/v2\/types\/page"}],"author":[{"embeddable":true,"href":"https:\/\/amadizadvogados.com.br\/index.php?rest_route=\/wp\/v2\/users\/1"}],"replies":[{"embeddable":true,"href":"https:\/\/amadizadvogados.com.br\/index.php?rest_route=%2Fwp%2Fv2%2Fcomments&post=982"}],"version-history":[{"count":49,"href":"https:\/\/amadizadvogados.com.br\/index.php?rest_route=\/wp\/v2\/pages\/982\/revisions"}],"predecessor-version":[{"id":2306,"href":"https:\/\/amadizadvogados.com.br\/index.php?rest_route=\/wp\/v2\/pages\/982\/revisions\/2306"}],"wp:featuredmedia":[{"embeddable":true,"href":"https:\/\/amadizadvogados.com.br\/index.php?rest_route=\/wp\/v2\/media\/27"}],"wp:attachment":[{"href":"https:\/\/amadizadvogados.com.br\/index.php?rest_route=%2Fwp%2Fv2%2Fmedia&parent=982"}],"curies":[{"name":"wp","href":"https:\/\/api.w.org\/{rel}","templated":true}]}}